culate the remainder when 2685 is divided by 77.
67
Calculate the remainder when 18545 is divided by 11.
10
What is the remainder when 72488 is divided by 5?
3
What is the remainder when 68517 is divided by 8564?
5
Calculate the remainder when 71686 is divided by 58.
56
What is the remainder when 9679 is divided by 1817?
594
Calculate the remainder when 115308 is divided by 21.
18
What is the remainder when 20283 is divided by 261?
186
Calculate the remainder when 11935 is divided by 696.
103
Calculate the remainder when 15537 is divided by 2072.
1033
Calculate the remainder when 8869 is divided by 566.
379
Calculate the remainder when 190463 is divided by 10.
3
Calculate the remainder when 620 is divided by 364.
256
Calculate the remainder when 44339 is divided by 453.
398
What is the remainder when 28239 is divided by 7047?
51
What is the remainder when 86937 is divided by 322?
319
Calculate the remainder when 33642 is divided by 841.
2
Calculate the remainder when 979 is divided by 83.
66
What is the remainder when 15806 is divided by 27?
11
Calculate the remainder when 967 is divided by 161.
1
Calculate the remainder when 4605 is divided by 17.
15
Calculate the remainder when 12109 is divided by 626.
215
Calculate the remainder when 20319599 is divided by 420.
419
What is the remainder when 165725 is divided by 454?
15
Calculate the remainder when 14000 is divided by 318.
8
Calculate the remainder when 9913 is divided by 559.
410
What is the remainder when 71048 is divided by 382?
378
Calculate the remainder when 5181436 is divided by 142.
140
What is the remainder when 15324 is divided by 15278?
46
Calculate the remainder when 297804 is divided by 7835.
74
Calculate the remainder when 6282 is divided by 168.
66
What is the remainder when 30169 is divided by 89?
87
What is the remainder when 43383 is divided by 2282?
25
What is the remainder when 1733 is divided by 446?
395
Calculate the remainder when 821 is divided by 162.
11
Calculate the remainder when 423769 is divided by 298.
13
What is the remainder when 24512 is divided by 401?
51
What is the remainder when 9193 is divided by 1815?
118
Calculate the remainder when 18585 is divided by 18537.
48
Calculate the remainder when 8073 is divided by 382.
51
What is the remainder when 78470 is divided by 78442?
28
Calculate the remainder when 35586 is divided by 17768.
50
Calculate the remainder when 20173 is divided by 79.
28
What is the remainder when 8495 is divided by 4231?
33
Calculate the remainder when 768 is divided by 97.
89
What is the remainder when 44176 is divided by 14692?
100
What is the remainder when 2926893 is divided by 124?
121
Calculate the remainder when 20879 is divided by 133.
131
Calculate the remainder when 2713 is divided by 227.
216
Calculate the remainder when 7867 is divided by 26.
15
What is the remainder when 33341 is divided by 4?
1
What is the remainder when 3520 is divided by 15?
10
Calculate the remainder when 2568 is divided by 620.
88
Calculate the remainder when 72597 is divided by 33.
30
What is the remainder when 349057 is divided by 12927?
28
What is the remainder when 14324 is divided by 43?
5
Calculate the remainder when 61821 is divided by 42.
39
What is the remainder when 8509 is divided by 335?
134
Calculate the remainder when 166567 is divided by 443.
442
What is the remainder when 3801 is divided by 22?
17
Calculate the remainder when 142663 is divided by 12969.
4
What is the remainder when 65169 is divided by 582?
567
What is the remainder when 46497 is divided by 574?
3
What is the remainder when 2307 is divided by 38?
27
What is the remainder when 1170 is divided by 302?
264
What is the remainder when 2010 is divided by 983?
44
Calculate the remainder when 5516 is divided by 50.
16
What is the remainder when 127698 is divided by 1679?
94
What is the remainder when 36141 is divided by 441?
420
Calculate the remainder when 3462 is divided by 44.
30
Calculate the remainder when 332305 is divided by 1806.
1
What is the remainder when 194652 is divided by 7?
3
Calculate the remainder when 212317 is divided by 1327.
1324
What is the remainder when 133755 is divided by 68?
67
What is the remainder when 4815 is divided by 4759?
56
Calculate the remainder when 668 is divided by 21.
17
What is the remainder when 809 is divided by 251?
56
Calculate the remainder when 1738 is divided by 293.
273
What is the remainder when 3226 is divided by 805?
6
What is the remainder when 943 is divided by 104?
7
What is the remainder when 109635 is divided by 36543?
6
What is the remainder when 12428 is divided by 48?
44
What is the remainder when 15869 is divided by 294?
287
Calculate the remainder when 1545 is divided by 15.
0
Calculate the remainder when 16230 is divided by 122.
4
Calculate the remainder when 26018 is divided by 482.
472
What is the remainder when 6867 is divided by 125?
117
Calculate the remainder when 33084 is divided by 24.
12
What is the remainder when 77637 is divided by 19409?
1
Calculate the remainder when 542471 is divided by 271220.
31
Calculate the remainder when 3982 is divided by 1983.
16
Calculate the remainder when 2073 is divided by 1097.
976
Calculate the remainder when 89653 is divided by 57.
49
What is the remainder when 39727 is divided by 57?
55
Calculate the remainder when 23580 is divided by 21.
18
What is the remainder when 16890 is divided by 16698?
192
Calculate the remainder when 6736 is divided by 232.
8
What is the remainder when 33866 is divided by 88?
74
What is the remainder when 215474 is divided by 1275?
1274
Calculate the remainder when 141633 is divided by 47210.
3
What is the remainder when 171641 is divided by 18?
11
Calculate the remainder when 180851 is divided by 188.
183
What is the remainder when 2287 is divided by 359?
133
What is the remainder when 6533711 is divided by 68?
67
Calculate the remainder when 118494 is divided by 322.
320
What is the remainder when 2272731 is divided by 28?
27
What is the remainder when 3864 is divided by 41?
10
Calculate the remainder when 499 is divided by 120.
19
What is the remainder when 94049 is divided by 37?
32
Calculate the remainder when 15830 is divided by 5273.
11
What is the remainder when 96743 is divided by 48368?
7
Calculate the remainder when 529 is divided by 116.
65
Calculate the remainder when 118724 is divided by 766.
760
Calculate the remainder when 3450379 is divided by 209.
207
What is the remainder when 312387 is divided by 41?
8
What is the remainder when 13472 is divided by 13454?
18
What is the remainder when 7079 is divided by 120?
119
What is the remainder when 4865 is divided by 43?
6
What is the remainder when 446882 is divided by 729?
5
What is the remainder when 664088 is divided by 358?
356
Calculate the remainder when 3342 is divided by 25.
17
Calculate the remainder when 307429 is divided by 307420.
9
Calculate the remainder when 19709 is divided by 9831.
47
Calculate the remainder when 108506 is divided by 236.
182
Calculate the remainder when 12241 is divided by 41.
23
What is the remainder when 141253 is divided by 219?
217
What is the remainder when 2537845 is divided by 8?
5
Calculate the remainder when 55106 is divided by 57.
44
What is the remainder when 288147 is divided by 251?
250
What is the remainder when 31899 is divided by 2899?
10
What is the remainder when 8942 is divided by 358?
350
Calculate the remainder when 1625444 is divided by 193.
191
What is the remainder when 4154 is divided by 829?
9
What is the remainder when 13920 is divided by 97?
49
What is the remainder when 16013 is divided by 18?
11
Calculate the remainder when 147334 is divided by 37.
0
What is the remainder when 36353 is divided by 2?
1
What is the remainder when 295400 is divided by 41?
36
Calculate the remainder when 3995 is divided by 2223.
1772
Calculate the remainder when 19556 is divided by 120.
116
Calculate the remainder when 843359 is divided by 734.
727
Calculate the remainder when 8497 is divided by 4246.
5
Calculate the remainder when 1039 is divided by 1006.
33
What is the remainder when 1995 is divided by 546?
357
What is the remainder when 1652 is divided by 277?
267
Calculate the remainder when 30828 is divided by 558.
138
Calculat